Dec 01 05:10:45.243 INFO testing redbrick/good_stv against master#8940af3cea4a9a9deabcaf843b2f8cad9a83fc61 for beta-1.31-5
Dec 01 05:10:45.244 INFO running `"docker" "create" "-v" "/mnt/big/crater/work/local/target-dirs/beta-1.31-5/worker-0/master#8940af3cea4a9a9deabcaf843b2f8cad9a83fc61:/target:rw,Z" "-v" "/mnt/big/crater/work/local/test-source/worker-0/beta-1.31-5/master#8940af3cea4a9a9deabcaf843b2f8cad9a83fc61:/source:ro,Z" "-v" "/mnt/big/crater/work/local/cargo-home:/cargo-home:ro,Z" "-v" "/mnt/big/crater/work/local/rustup-home:/rustup-home:ro,Z" "-e" "USER_ID=1000" "-e" "SOURCE_DIR=/source" "-e" "USER_ID=1000" "-e" "CMD=cargo +8940af3cea4a9a9deabcaf843b2f8cad9a83fc61-alt build --frozen" "-e" "CARGO_TARGET_DIR=/target" "-e" "CARGO_INCREMENTAL=0" "-e" "RUST_BACKTRACE=full" "-e" "RUSTFLAGS=--cap-lints=warn" "-e" "CARGO_HOME=/cargo-home" "-e" "RUSTUP_HOME=/rustup-home" "-m" "1536M" "--network" "none" "crater"`
Dec 01 05:10:45.848 INFO [stdout] 799fe3803b42dbbb45d63bf90784cc8a20fa2bb5829dacacf513f212ffcb59be
Dec 01 05:10:45.851 INFO running `"docker" "start" "-a" "799fe3803b42dbbb45d63bf90784cc8a20fa2bb5829dacacf513f212ffcb59be"`
Dec 01 05:10:47.295 INFO [stderr] usermod: no changes
Dec 01 05:10:47.667 INFO [stderr]    Compiling slog v2.3.2
Dec 01 05:10:47.671 INFO [stderr]    Compiling csv-core v0.1.4
Dec 01 05:10:47.672 INFO [stderr]    Compiling pear_codegen v0.0.20
Dec 01 05:10:47.672 INFO [stderr]    Compiling rocket v0.3.16
Dec 01 05:10:47.672 INFO [stderr]    Compiling rocket_codegen v0.3.16
Dec 01 05:10:47.673 INFO [stderr]    Compiling mime v0.2.6
Dec 01 05:10:47.675 INFO [stderr]    Compiling toml v0.4.6
Dec 01 05:10:47.679 INFO [stderr]    Compiling regex v0.2.11
Dec 01 05:10:48.288 INFO [stderr] error: failed to run custom build command for `rocket_codegen v0.3.16`
Dec 01 05:10:48.289 INFO [stderr] process didn't exit successfully: `/target/debug/build/rocket_codegen-4a5b65214453c03c/build-script-build` (exit code: 101)
Dec 01 05:10:48.289 INFO [stderr] --- stderr
Dec 01 05:10:48.289 INFO [stderr] [1;31mError:[0m [37mRocket requires a nightly or dev version of Rust.[0m
Dec 01 05:10:48.290 INFO [stderr] [37mInstalled version is:[0m [33m1.31.0-beta.20 (2018-11-30)[0m. [37mMinimum required:[0m [33m1.30.0-nightly (2018-08-23)[0m.
Dec 01 05:10:48.290 INFO [stderr] [34mSee the getting started guide ([0m[37mhttps://rocket.rs/guide/getting-started/[0m[34m) for more information.[0m
Dec 01 05:10:48.291 INFO [stderr] thread 'main' panicked at 'Aborting compilation due to incompatible compiler.', /cargo-home/registry/src/github.com-1ecc6299db9ec823/rocket_codegen-0.3.16/build.rs:38:17
Dec 01 05:10:48.291 INFO [stderr] stack backtrace:
Dec 01 05:10:48.291 INFO [stderr]    0:     0x55e402a2532f - std::sys::unix::backtrace::tracing::imp::unwind_backtrace::h3a8b83e1922cbdde
Dec 01 05:10:48.291 INFO [stderr]                                at libstd/sys/unix/backtrace/tracing/gcc_s.rs:49
Dec 01 05:10:48.292 INFO [stderr]    1:     0x55e402a30d07 - std::sys_common::backtrace::print::h00d3155a29b4020f
Dec 01 05:10:48.292 INFO [stderr]                                at libstd/sys_common/backtrace.rs:71
Dec 01 05:10:48.292 INFO [stderr]                                at libstd/sys_common/backtrace.rs:59
Dec 01 05:10:48.293 INFO [stderr]    2:     0x55e402a29bcf - std::panicking::default_hook::{{closure}}::hd7465c742e79e1bb
Dec 01 05:10:48.293 INFO [stderr]                                at libstd/panicking.rs:211
Dec 01 05:10:48.293 INFO [stderr]    3:     0x55e402a29934 - std::panicking::default_hook::h9e3966f2aa2a6e12
Dec 01 05:10:48.294 INFO [stderr]                                at libstd/panicking.rs:227
Dec 01 05:10:48.294 INFO [stderr]    4:     0x55e402a2a1fe - std::panicking::rust_panic_with_hook::h587f091ae747d080
Dec 01 05:10:48.294 INFO [stderr]                                at libstd/panicking.rs:476
Dec 01 05:10:48.295 INFO [stderr]    5:     0x55e4029fcab3 - std::panicking::begin_panic::h637cf6c246413594
Dec 01 05:10:48.295 INFO [stderr]                                at libstd/panicking.rs:410
Dec 01 05:10:48.295 INFO [stderr]    6:     0x55e4029fab84 - build_script_build::main::h2c72fd58a9234470
Dec 01 05:10:48.295 INFO [stderr]                                at /cargo-home/registry/src/github.com-1ecc6299db9ec823/rocket_codegen-0.3.16/build.rs:38
Dec 01 05:10:48.296 INFO [stderr]    7:     0x55e4029fd39f - std::rt::lang_start::{{closure}}::hfe557982ab535bc0
Dec 01 05:10:48.296 INFO [stderr]                                at libstd/rt.rs:74
Dec 01 05:10:48.296 INFO [stderr]    8:     0x55e402a29c72 - std::panicking::try::do_call::h52e7f80ff0fdcc45
Dec 01 05:10:48.297 INFO [stderr]                                at libstd/rt.rs:59
Dec 01 05:10:48.297 INFO [stderr]                                at libstd/panicking.rs:310
Dec 01 05:10:48.297 INFO [stderr]    9:     0x55e402a3bcb9 - __rust_maybe_catch_panic
Dec 01 05:10:48.298 INFO [stderr]                                at libpanic_unwind/lib.rs:102
Dec 01 05:10:48.298 INFO [stderr]   10:     0x55e402a1998a - std::rt::lang_start_internal::h38cae898de7f805c
Dec 01 05:10:48.298 INFO [stderr]                                at libstd/panicking.rs:289
Dec 01 05:10:48.299 INFO [stderr]                                at libstd/panic.rs:392
Dec 01 05:10:48.299 INFO [stderr]                                at libstd/rt.rs:58
Dec 01 05:10:48.299 INFO [stderr]   11:     0x55e4029fd378 - std::rt::lang_start::h04f69d23836a7815
Dec 01 05:10:48.299 INFO [stderr]                                at libstd/rt.rs:74
Dec 01 05:10:48.300 INFO [stderr]   12:     0x55e4029fba49 - main
Dec 01 05:10:48.300 INFO [stderr]   13:     0x7f775d28582f - __libc_start_main
Dec 01 05:10:48.300 INFO [stderr]   14:     0x55e4029fa228 - _start
Dec 01 05:10:48.300 INFO [stderr]   15:                0x0 - <unknown>
Dec 01 05:10:48.301 INFO [stderr] 
Dec 01 05:10:48.301 INFO [stderr] warning: build failed, waiting for other jobs to finish...
Dec 01 05:10:48.325 INFO [stderr] error: failed to run custom build command for `pear_codegen v0.0.20`
Dec 01 05:10:48.325 INFO [stderr] process didn't exit successfully: `/target/debug/build/pear_codegen-9ebbb5de437ff65a/build-script-build` (exit code: 101)
Dec 01 05:10:48.326 INFO [stderr] --- stderr
Dec 01 05:10:48.326 INFO [stderr] [1;31mError:[0m [37mPear requires a nightly or dev version of Rust.[0m
Dec 01 05:10:48.326 INFO [stderr] [37mInstalled version is:[0m [33m1.31.0-beta.20 (2018-11-30)[0m. [37mMinimum required:[0m [33m1.30.0-nightly (2018-08-23)[0m.
Dec 01 05:10:48.327 INFO [stderr] thread 'main' panicked at 'Aborting compilation due to incompatible compiler.', /cargo-home/registry/src/github.com-1ecc6299db9ec823/pear_codegen-0.0.20/build.rs:31:13
Dec 01 05:10:48.327 INFO [stderr] stack backtrace:
Dec 01 05:10:48.327 INFO [stderr]    0:     0x56280c7550ff - std::sys::unix::backtrace::tracing::imp::unwind_backtrace::h3a8b83e1922cbdde
Dec 01 05:10:48.327 INFO [stderr]                                at libstd/sys/unix/backtrace/tracing/gcc_s.rs:49
Dec 01 05:10:48.328 INFO [stderr]    1:     0x56280c760ad7 - std::sys_common::backtrace::print::h00d3155a29b4020f
Dec 01 05:10:48.328 INFO [stderr]                                at libstd/sys_common/backtrace.rs:71
Dec 01 05:10:48.328 INFO [stderr]                                at libstd/sys_common/backtrace.rs:59
Dec 01 05:10:48.329 INFO [stderr]    2:     0x56280c75999f - std::panicking::default_hook::{{closure}}::hd7465c742e79e1bb
Dec 01 05:10:48.329 INFO [stderr]                                at libstd/panicking.rs:211
Dec 01 05:10:48.329 INFO [stderr]    3:     0x56280c759704 - std::panicking::default_hook::h9e3966f2aa2a6e12
Dec 01 05:10:48.330 INFO [stderr]                                at libstd/panicking.rs:227
Dec 01 05:10:48.330 INFO [stderr]    4:     0x56280c759fce - std::panicking::rust_panic_with_hook::h587f091ae747d080
Dec 01 05:10:48.330 INFO [stderr]                                at libstd/panicking.rs:476
Dec 01 05:10:48.331 INFO [stderr]    5:     0x56280c72c883 - std::panicking::begin_panic::h03cdb516ffc5f784
Dec 01 05:10:48.331 INFO [stderr]                                at libstd/panicking.rs:410
Dec 01 05:10:48.331 INFO [stderr]    6:     0x56280c72a948 - build_script_build::main::h36944a4e267b7477
Dec 01 05:10:48.331 INFO [stderr]                                at /cargo-home/registry/src/github.com-1ecc6299db9ec823/pear_codegen-0.0.20/build.rs:31
Dec 01 05:10:48.332 INFO [stderr]    7:     0x56280c72d16f - std::rt::lang_start::{{closure}}::h5e49a6fd7616e446
Dec 01 05:10:48.332 INFO [stderr]                                at libstd/rt.rs:74
Dec 01 05:10:48.332 INFO [stderr]    8:     0x56280c759a42 - std::panicking::try::do_call::h52e7f80ff0fdcc45
Dec 01 05:10:48.332 INFO [stderr]                                at libstd/rt.rs:59
Dec 01 05:10:48.332 INFO [stderr]                                at libstd/panicking.rs:310
Dec 01 05:10:48.332 INFO [stderr]    9:     0x56280c76ba89 - __rust_maybe_catch_panic
Dec 01 05:10:48.332 INFO [stderr]                                at libpanic_unwind/lib.rs:102
Dec 01 05:10:48.332 INFO [stderr]   10:     0x56280c74975a - std::rt::lang_start_internal::h38cae898de7f805c
Dec 01 05:10:48.332 INFO [stderr]                                at libstd/panicking.rs:289
Dec 01 05:10:48.332 INFO [stderr]                                at libstd/panic.rs:392
Dec 01 05:10:48.332 INFO [stderr]                                at libstd/rt.rs:58
Dec 01 05:10:48.332 INFO [stderr]   11:     0x56280c72d148 - std::rt::lang_start::hf3588cfe9ea8870a
Dec 01 05:10:48.332 INFO [stderr]                                at libstd/rt.rs:74
Dec 01 05:10:48.332 INFO [stderr]   12:     0x56280c72b819 - main
Dec 01 05:10:48.332 INFO [stderr]   13:     0x7f487fc5382f - __libc_start_main
Dec 01 05:10:48.332 INFO [stderr]   14:     0x56280c72a228 - _start
Dec 01 05:10:48.332 INFO [stderr]   15:                0x0 - <unknown>
Dec 01 05:10:48.332 INFO [stderr] 
Dec 01 05:10:48.332 INFO [stderr] warning: build failed, waiting for other jobs to finish...
Dec 01 05:10:48.377 INFO [stderr] error: failed to run custom build command for `rocket v0.3.16`
Dec 01 05:10:48.377 INFO [stderr] process didn't exit successfully: `/target/debug/build/rocket-e8632d5f710e389a/build-script-build` (exit code: 101)
Dec 01 05:10:48.377 INFO [stderr] --- stderr
Dec 01 05:10:48.377 INFO [stderr] [1;31mError:[0m [37mRocket requires a nightly or dev version of Rust.[0m
Dec 01 05:10:48.377 INFO [stderr] [37mInstalled version is:[0m [33m1.31.0-beta.20 (2018-11-30)[0m. [37mMinimum required:[0m [33m1.27.0-nightly (2018-04-26)[0m.
Dec 01 05:10:48.377 INFO [stderr] [34mSee the getting started guide ([0m[37mhttps://rocket.rs/guide/getting-started/[0m[34m) for more information.[0m
Dec 01 05:10:48.377 INFO [stderr] thread 'main' panicked at 'Aborting compilation due to incompatible compiler.', /cargo-home/registry/src/github.com-1ecc6299db9ec823/rocket-0.3.16/build.rs:38:13
Dec 01 05:10:48.377 INFO [stderr] stack backtrace:
Dec 01 05:10:48.377 INFO [stderr]    0:     0x556e7d09333f - std::sys::unix::backtrace::tracing::imp::unwind_backtrace::h3a8b83e1922cbdde
Dec 01 05:10:48.377 INFO [stderr]                                at libstd/sys/unix/backtrace/tracing/gcc_s.rs:49
Dec 01 05:10:48.377 INFO [stderr]    1:     0x556e7d09ed17 - std::sys_common::backtrace::print::h00d3155a29b4020f
Dec 01 05:10:48.377 INFO [stderr]                                at libstd/sys_common/backtrace.rs:71
Dec 01 05:10:48.377 INFO [stderr]                                at libstd/sys_common/backtrace.rs:59
Dec 01 05:10:48.377 INFO [stderr]    2:     0x556e7d097bdf - std::panicking::default_hook::{{closure}}::hd7465c742e79e1bb
Dec 01 05:10:48.377 INFO [stderr]                                at libstd/panicking.rs:211
Dec 01 05:10:48.377 INFO [stderr]    3:     0x556e7d097944 - std::panicking::default_hook::h9e3966f2aa2a6e12
Dec 01 05:10:48.377 INFO [stderr]                                at libstd/panicking.rs:227
Dec 01 05:10:48.377 INFO [stderr]    4:     0x556e7d09820e - std::panicking::rust_panic_with_hook::h587f091ae747d080
Dec 01 05:10:48.377 INFO [stderr]                                at libstd/panicking.rs:476
Dec 01 05:10:48.377 INFO [stderr]    5:     0x556e7d06aac3 - std::panicking::begin_panic::h185025b8b4804e9b
Dec 01 05:10:48.377 INFO [stderr]                                at libstd/panicking.rs:410
Dec 01 05:10:48.377 INFO [stderr]    6:     0x556e7d068b85 - build_script_build::main::h4284e4a3a8df7e1b
Dec 01 05:10:48.377 INFO [stderr]                                at /cargo-home/registry/src/github.com-1ecc6299db9ec823/rocket-0.3.16/build.rs:38
Dec 01 05:10:48.377 INFO [stderr]    7:     0x556e7d06b3af - std::rt::lang_start::{{closure}}::ha0df32a52ba7057e
Dec 01 05:10:48.377 INFO [stderr]                                at libstd/rt.rs:74
Dec 01 05:10:48.377 INFO [stderr]    8:     0x556e7d097c82 - std::panicking::try::do_call::h52e7f80ff0fdcc45
Dec 01 05:10:48.377 INFO [stderr]                                at libstd/rt.rs:59
Dec 01 05:10:48.377 INFO [stderr]                                at libstd/panicking.rs:310
Dec 01 05:10:48.377 INFO [stderr]    9:     0x556e7d0a9cc9 - __rust_maybe_catch_panic
Dec 01 05:10:48.377 INFO [stderr]                                at libpanic_unwind/lib.rs:102
Dec 01 05:10:48.378 INFO [stderr]   10:     0x556e7d08799a - std::rt::lang_start_internal::h38cae898de7f805c
Dec 01 05:10:48.378 INFO [stderr]                                at libstd/panicking.rs:289
Dec 01 05:10:48.378 INFO [stderr]                                at libstd/panic.rs:392
Dec 01 05:10:48.378 INFO [stderr]                                at libstd/rt.rs:58
Dec 01 05:10:48.378 INFO [stderr]   11:     0x556e7d06b388 - std::rt::lang_start::h3f68170055a70037
Dec 01 05:10:48.378 INFO [stderr]                                at libstd/rt.rs:74
Dec 01 05:10:48.378 INFO [stderr]   12:     0x556e7d069a59 - main
Dec 01 05:10:48.378 INFO [stderr]   13:     0x7fa00773882f - __libc_start_main
Dec 01 05:10:48.378 INFO [stderr]   14:     0x556e7d068228 - _start
Dec 01 05:10:48.378 INFO [stderr]   15:                0x0 - <unknown>
Dec 01 05:10:48.378 INFO [stderr] 
Dec 01 05:10:48.378 INFO [stderr] warning: build failed, waiting for other jobs to finish...
Dec 01 05:11:06.002 INFO [stderr] error: build failed
Dec 01 05:11:06.017 INFO [stderr] su: No module specific data is present
Dec 01 05:11:07.744 INFO running `"docker" "inspect" "799fe3803b42dbbb45d63bf90784cc8a20fa2bb5829dacacf513f212ffcb59be"`
Dec 01 05:11:08.118 INFO running `"docker" "rm" "-f" "799fe3803b42dbbb45d63bf90784cc8a20fa2bb5829dacacf513f212ffcb59be"`
Dec 01 05:11:08.471 INFO [stdout] 799fe3803b42dbbb45d63bf90784cc8a20fa2bb5829dacacf513f212ffcb59be
